 0 = 2*h - 4. Let g(i) = -7*i**2 - 6 + 0 - h*i + 2 + 3. Calculate g(-1).
-6
Suppose 0 = -4*f + 4 + 8. Let w(t) be the first derivative of -2 + 3*t - 4/3*t**f + 1/4*t**4 + t**2. What is w(3)?
0
Suppose -9*y + 42 = 15. Let a(k) = -k**3 + 2*k**2 - k + 3. What is a(y)?
-9
Let p(y) be the second derivative of -y**4/6 - 5*y**3/6 + y**2 + y. Suppose -5*t + 3 = b - 27, 4*b - t = 162. Let d = b + -44. Calculate p(d).
-10
Let m(i) be the third derivative of -1/24*i**4 - i**2 + 1/60*i**5 - 1/6*i**3 + 0 - 1/30*i**6 + 0*i. Give m(-1).
5
Let o(b) = 4*b**2 + 6*b + 4. Let u(j) = -11*j**2 - 19*j - 12. Let v(d) = 8*o(d) + 3*u(d). Calculate v(-7).
10
Let v(a) be the second derivative of a**5/20 + a**4/2 + 2*a**3/3 - 9*a. Suppose -25 = -3*q + 8*q. Give v(q).
5
Let p(j) = -5*j**2 - 2. Let f(z) = 14*z**2 + z + 6. Let m(b) = 4*f(b) + 11*p(b). Calculate m(-2).
-2
Suppose -6 + 1 = -r. Let o(g) = g**3 - 6*g**2 + 6*g - 4. Calculate o(r).
1
Let u(l) be the third derivative of l**5/60 - l**4/3 - 2*l**2. Determine u(6).
-12
Let v(y) = y**2 - 3*y - 5. Let n = -14 + 18. Calculate v(n).
-1
Let f(j) = 4*j**3 - j**2 - j. Let v be 0 - (2 - (-36)/(-3)). Suppose 4*w - v - 2 = 0. Let o = 2 - w. Determine f(o).
-4
Suppose 0*d - 2*q = 2*d - 6, d - 2*q = 3. Let b(x) = -x**3 + 2*x**2 - x + 4. What is b(d)?
-8
Let m(q) = -4*q. Suppose 5*h - 2*h = 5*i - 7, 0 = 4*i + 2*h + 12. Determine m(i).
4
Let l(n) = -7*n**3 + n + 1. Suppose -4*u + 6*u + 2 = 0. Calculate l(u).
7
Let g(i) = 4*i**3 + 2*i**2 + 2*i + 1. Let t be g(-1). Let q(a) = -a**3 - 2*a**2 + 3*a. Give q(t).
0
Let b(t) = 5*t - 3 + 0*t - 3*t. Let o be (-310)/(-60) - 2/12. Give b(o).
7
Suppose 0 = 2*k - g + 4, -2*g + 8 = 4*k - 0*g. Suppose -4*d + k*d = 0. Let n(s) = d*s + 3 - s + 1 + 0. Determine n(0).
4
Let t(c) = c**2 + 8*c + 9. Suppose 0 = 2*y + 3*y + 5*w + 65, -3*w = -2*y - 1. Give t(y).
9
Let z(s) = -3*s**2 + 2*s + 2. Let g be z(2). Let y be (3/g)/((-1)/2). Let x(b) = -2*b**3 - 2*b**2 + 1. Calculate x(y).
-3
Let h = 8 - 6. Let l be 2 - (-1*h - -4). Let k(a) = -a**3 + 2*a**3 + 1 + l*a**3 + 1 - 6*a**2 + 5*a. Give k(4).
-10
Let a(x) = -x**2 - 6*x - 4. Let b be a(-6). Let s(o) = 2 - o**2 + 0 + o - 5*o. Let g be s(b). Let q(y) = 3*y - 3. Give q(g).
3
Suppose -24*i = -23*i - 5. Let s(m) = m**2 - 8*m + 7. Give s(i).
-8
Let d(f) = -3*f**2 - 5*f + 5. Let c(p) = -7*p**2 - 11*p + 11. Let w(o) = 2*c(o) - 5*d(o). Give w(-3).
-3
Let h(c) = -c**2 + 4. Let r(n) = -n - 20. Let x be r(-17). Determine h(x).
-5
Let p(w) = 4*w**3. Suppose -3*j + 24 = 3. Let y(i) = i**3 - 5*i**2 + 3*i - 10. Let s be y(5). Suppose s*f - j = -2. Give p(f).
4
Let t(c) = c**3 + 10*c**2 + 10*c + 6. Suppose -2*x = 10, -4*x + 6 = -3*y - 1. Determine t(y).
-3
Suppose 2 = 2*o - 4. Suppose 0 = -l + v + o, -3*l + 7 = -5*v - 8. Let d(f) = f**2 - f + 8. Give d(l).
8
Suppose -o - 32 = -5*o. Let b(k) = -o + 5 - 4*k + 7. What is b(3)?
-8
Let a(m) = -1. Let p be (-1 + -2)*1/3. Let r(j) = -j + 8. Let h(i) = p*a(i) - r(i). Calculate h(-5).
-12
Let o = -28 - -33. Let l(d) be the third derivative of 0 + 2*d**2 - 5/24*d**4 + 1/2*d**3 - 1/60*d**o + 0*d. Calculate l(-3).
9
Suppose -5*y + 30 = -0*y. Let d(i) = -y*i + 3*i + i. Determine d(3).
-6
Let v be -3 - -2 - -2 - -7. Let z = v + -6. Let a(m) = m**2 + 2*m - 3. Calculate a(z).
5
Suppose 0 = -4*y + 2*a - 6, -3*y - 5*a + 15 = 2*y. Suppose y = -3*z + 19 - 7. Let f(p) = p**2 - 2*p + 2. Give f(z).
10
Let w(z) be the first derivative of -2*z**2 + z - 41. Determine w(-1).
5
Suppose 3*c + 2*c + 35 = -5*f, -2*f - c = 10. Let o(b) = b**2 - 2*b. Let z be o(3). Let i(y) = -2*y + 3 + 4*y**z - 5*y**3 - 5*y**2 - y. Calculate i(f).
-6
Suppose 0 = -p, 0*o + 10 = 2*o + 5*p. Let y(s) = -7*s**2 + 7*s + 3. Let t(f) = f**2 - 1. Let b(u) = -6*t(u) - y(u). Give b(o).
-7
Let p = 5 + -9. Let y(m) = -2*m - 2. Determine y(p).
6
Let j = 2 - -1. Suppose j*b - 2*i - 12 + 0 = 0, -5*b + 45 = 5*i. Let v(h) = -h - 2. What is v(b)?
-8
Let w(g) = g - 8. Let x(c) be the first derivative of c**2/2 - 7*c - 3. Let a(y) = -6*w(y) + 7*x(y). Give a(3).
2
Let m(f) = f**2 + 4*f - 3. Suppose -x + 16 = -5*x. What is m(x)?
-3
Let l(z) be the third derivative of -11*z**5/30 + z**3/6 - 21*z**2. Determine l(-1).
-21
Let f(i) = 7*i**2 - 9*i + 1. Let h(k) = -8*k**2 + 15*k + 3. Let a(m) = -m - 1. Let v(o) = -5*a(o) - h(o). Let y(d) = 7*f(d) - 6*v(d). Calculate y(5).
5
Let r(a) = a. Let v(i) = 3*i**2 + 1. Let m(f) = f**2 + 6*f + 2. Let z be m(-6). Let n(t) = z*r(t) - v(t). What is n(2)?
-9
Let d(l) = l - 4. Let r(o) = 8*o**2 - 8*o + 3*o**3 + 4*o**3 + 6 - 6*o**3. Let a be r(-9). What is d(a)?
-7
Let x(c) = -c**2 - 5*c - 5. Suppose -f = 36 - 28. Calculate x(f).
-29
Let w(c) = -c + 3. Let f(p) = -p**3 + 5*p**2 - 3*p + 6. Let b be f(4). Let g be (b/(-4))/(8/16). What is w(g)?
8
Let a(f) = -7*f**2 + 17*f - 17. Let q(k) = -3*k**2 + 9*k - 8. Let s(c) = -2*a(c) + 5*q(c). Calculate s(10).
4
Let q = 11 - 4. Let b(y) = y**3 - 7*y**2 - 2*y + 9. Determine b(q).
-5
Let q(o) = o**3 - 3*o**2 + 6*o - 4. Let a be q(2). Let m(j) be the third derivative of -5/24*j**4 + 2*j**2 + 0 + 1/60*j**5 + 0*j - 1/6*j**3. What is m(a)?
-5
Let v be ((-16)/(-20))/(2/10). Suppose -a + 0*a = -v. Suppose -f = 3*f - a. Let l(u) = -4*u. What is l(f)?
-4
Let t(h) = -2 - 3*h**2 - 6*h + h - 3*h + 4*h. Determine t(-2).
-6
Let w(y) be the first derivative of -y**3/3 + 2*y**2 - 2*y - 3. Let x(u) = u**2 + 10*u + 13. Let n be x(-9). Calculate w(n).
-2
Let a(n) = -8*n - 6. Let l(k) = -3*k - 2. Let p(i) = 6*a(i) - 17*l(i). What is p(2)?
4
Let q(h) = h + 2. Let j(k) = -6*k - 6. Let u(z) = -j(z) - 5*q(z). Give u(5).
1
Let k(n) = -n. Let d(v) = -1 + 3 + 10*v - 5*v. Let t(a) = a**2 + 11*a + 20. Let m be t(-9). Let b(x) = m*k(x) + d(x). What is b(2)?
8
Let w = 3 - 2. Let f(h) = 2*h - 8 - 1 + w. Calculate f(7).
6
Let p(y) be the second derivative of y**8/6720 - y**7/504 + y**6/144 - y**5/40 - y**4/4 + 3*y. Let i(j) be the third derivative of p(j). Give i(3).
-6
Let s be ((-16)/12)/((-2)/(-9)). Let d(f) = f**3 + 7*f**2 + 6*f - 3. Give d(s).
-3
Suppose b - 5 = -1. Let q(a) be the second derivative of 0 - 1/3*a**3 - 14*a + 5/2*a**2. Calculate q(b).
-3
Let c(h) be the third derivative of -2*h**2 - 1/120*h**6 - 1/6*h**3 + 0 - 7/60*h**5 - 1/4*h**4 + 0*h. Calculate c(-6).
-1
Let m(s) = s**3 - 2*s**2 - 2*s + 1. Let y be 3 + ((-4)/4)/(-1). Suppose -3*b + 3 + 19 = 5*d, d = -y*b + 18. What is m(d)?
-3
Let c(g) = -4*g - 7. Let o(w) = -w + 1. Let p(v) = c(v) + 6*o(v). What is p(-2)?
19
Let k(c) be the second derivative of c**5/20 - c**4/6 + 2*c**3/3 - c**2 + c. Let v(g) = -3*g**3 - 3*g**2 + g + 3. Let i be v(-1). What is k(i)?
6
Let p(k) = 2*k. Let j(t) = -3*t. Let y(m) = 6*j(m) + 5*p(m). Give y(1).
-8
Suppose -33 = -8*n - 1. Let p(h) = h**2 - 4*h + 1. What is p(n)?
1
Let q(w) = w**3 - w**2 - 3*w + 1. Let x be 14/(-56) + (-26)/(-8). Calculate q(x).
10
Let y(g) = -2*g**2 - 2*g + 3. Suppose q = 5 - 9. What is y(q)?
-21
Let u(n) be the second derivative of -1/3*n**4 + 0 + 1/6*n**3 + 0*n**2 + 5*n. What is u(-1)?
-5
Suppose 5*g = -4*w + 41 - 6, 22 = -g + 5*w. Suppose 2*y = -i + g*y - 2, -i + 5*y = 14. Let s(p) = -11*p**3 + p. Give s(i).
-10
Let g(v) = v**3 - 6*v**2 - 4*v - 10. Let l(i) = -i**3 + 4*i**2 + 11*i + 13. Let q be l(6). What is g(q)?
11
Suppose 2*a = 3*a - 8. Suppose 0 = a*g - 5*g. Let y(b) = b + 2. Calculate y(g).
2
Let o(b) = -10*b + 4. Let w(k) = -7*k + 3. Let t(l) = -5*o(l) + 7*w(l). Determine t(5).
6
Suppose -4*u = -105 - 3. Let h(o) = -o**3 + 1 - 31*o**2 + 0 + u*o**2 - 5 - 3*o. Calculate h(-4).
8
Let u(o) = -4*o**2 + 1 + o**2 - 7*o**2 + o**2. Suppose r - 5 = -4. What is u(r)?
-8
Let z(t) = 5*t. Let i(g) = 9*g + 1. Let h(y) = 4*i(y) - 7*z(y). Give h(-6).
-2
Let j(p) be the third derivative of p**5/60 + p**4/6 + p**3/6 - 24*p**2. Calculate j(-3).
-2
Let c(f) be the first derivative of 0*f + 3/2*f**2 + 3 - 1/2*f**3 + 1/4*f**4. Let g(x) be the second derivative of c(x). Calculate g(2).
9
Let n be (0 - 2) + 6/(-2). Let q(v) = 2*v - 1 - 4 + 9 + 0*v. Calculate q(n).
-6
Let h(j) = 3*j**2 - 8*j - 6 - 4*j**2 - 1. Let v be h(-6). Suppose -v*p - 1 + 6 = 0. Let r(y) = -4*y**2 + 1. Determine r(p).
-3
Let l(z) = -4*z. Let x(f) = -f. Let y(s) = -l(s) + 3*x(s). Suppose 4 = -2*q + 8. Give y(q).
2
Let m(o) = o**3 + 3 - o**2 - o**3 + 6*o**2 - o**3 - 6*o. Calculate m(